t is z(6)?
19
Let r be 408/18*3*(-1)/4. Let l be (-10 - 2)*(-6)/8. Let h = l + r. Let x(j) = 2*j + 12. Give x(h).
-4
Let r(h) = -3*h - 2*h - 12 + 4*h. Suppose -2*p - p = 3*t - 153, -4*t - 219 = -5*p. Suppose 7 = -9*a - p. What is r(a)?
-6
Let w(j) = -407*j**3 + 7*j**2 - 5*j - 1. Let t be w(1). Let l = t + 409. Let i(p) = -p**3 + p**2 + 2*p + 7. Give i(l).
-5
Let k(r) be the first derivative of -15*r**4/4 - r**2/2 + r - 467. Let x = -12 + 13. What is k(x)?
-15
Let d(w) = -3*w**2 - 3. Let i(k) be the first derivative of -k**3/3 - k**2/2 - k - 1157. Let f = 10 - 14. Let v(z) = f*i(z) + 2*d(z). Calculate v(2).
-2
Let w(i) = i**2 - 9*i + 17. Let a be (-5)/(0 + 10 - 11). Determine w(a).
-3
Suppose 5*j = 15, 2*h - 7*j + 4 = -5*j. Let f(t) = t - 2. Let m(w) = -8*w + 28. Let c(p) = h*m(p) + 6*f(p). Give c(11).
-6
Let l(u) = 6*u**2 + 60*u - 142. Let x be l(-12). Let a be (-34)/(-10) - 4/10. Let v(w) = 7*w**3 + 4*w**2 - 6*w**3 + x*w**3 - 1 - 2*w**a - 6*w. Calculate v(-5).
4
Let s be 0 + 9 + -5 + -1. Let w(m) = -14 + 4*m + 2*m + 13*m**2 + 0 + 5*m + m**s. Determine w(-12).
-2
Let h = -10 + 6. Let d(x) = 5*x - 17. Suppose 0 = -4*n + 3*u - 50, 33 - 17 = -2*n - 3*u. Let i(r) = r - 3. Let j(z) = n*i(z) + 2*d(z). Calculate j(h).
3
Let k = -627 + 645. Let r be (-11)/((-33)/k) - (-9 + 4). Let d(z) = -z**2 + 13*z - 9. Calculate d(r).
13
Let l be (-48)/(-32) - 18/4. Let m(u) = 5*u + 20. Let h be m(l). Let p(n) = n**2 - 7*n + 7. Determine p(h).
-3
Let b(p) = -p**2 - 8*p - 4. Suppose 0 = -5*j + 5*o - 5, -j = -3*o + o + 5. Suppose j*x + 30 - 3 = 0. Let u be (8/6)/(2/x). Give b(u).
8
Let k(i) = -7*i**3 + 5*i**2 + i**3 - 12*i**2. Let u(g) = 11*g**3 + 12*g**2. Let d(o) = 7*k(o) + 4*u(o). Determine d(2).
12
Let z(j) = j**2 - j. Let t = 13 - 9. Let y be (-6)/t + 253/46. Let n be y/(-2)*(-9 - -6)/3. Determine z(n).
2
Suppose 0 = -6*r + 10*r - 1660. Suppose -30 = -410*y + r*y. Let s(d) = -d**2 - 8*d - 6. Give s(y).
6
Let u(y) = -y**2 - 5*y - 21. Let o(q) = -q**2 - 4*q - 20. Let n(l) = -2*l - 25. Let s be n(-15). Let p(h) = s*u(h) - 6*o(h). Calculate p(0).
15
Suppose -2*p - 24 = -0*p. Let a(c) be the second derivative of c**5/20 + c**4 + c**3/6 + 3*c**2 + 430*c. Give a(p).
-6
Let s(n) be the first derivative of 130 + 3/2*n**2 + 5*n - 1/3*n**3. Suppose 0 = 2*d - 3*q + 14, 6 + 4 = -3*d - q. Determine s(d).
-23
Suppose -4*v - 154 = 3*v. Let u be v + 0*1/3. Let q = u + 25. Let c(b) = b**2 + b - 4. Give c(q).
8
Let o(b) = 4*b**2 - 21*b - 5. Let h be 92732/18642 + 1/39. Give o(h).
-10
Let j(x) be the third derivative of -5*x**4/8 + 20*x**3/3 + 24*x**2 + 2. Determine j(4).
-20
Let w(j) = 2*j**3 - 8*j**2 + 31*j - 209. Let u be w(5). Let t(h) = h**3 + 4*h**2 + h - 5. Determine t(u).
-9
Let u(r) = -5*r**2 - 3*r + 14. Let t(h) = h**2 - h - 1. Let p(f) = 6*t(f) + u(f). Let o = 7594 + -7585. Calculate p(o).
8
Let o(w) be the third derivative of -1/120*w**5 - 2*w**3 + 1/24*w**4 + w**2 + 0 + 0*w. Let u(q) be the first derivative of o(q). What is u(0)?
1
Let h(j) = 2*j**2 + 80*j - 3 - 4*j**2 + 3*j**2 - 86*j. Let l = 43 - 33. Let f(a) = a - 7. Let d be f(l). What is h(d)?
-12
Let j be 225/(-90) - (1 - -5)*(-7)/4. Let o(p) = p**3 - 11*p**2 + 28*p - 19. What is o(j)?
13
Let q(m) be the first derivative of -m**4/4 + m**3/3 - 3*m**2/2 + 7*m - 10710. Determine q(4).
-53
Let y(l) be the first derivative of -l**3/3 + 5*l**2/2 - 25*l - 3518. What is y(6)?
-31
Let n(l) = -9*l**3 - 7*l**2 - 4*l - 10. Let v(t) = -4*t**3 - 4*t**2 - 2*t - 5. Let w(x) = 3*n(x) - 7*v(x). Suppose 18*d + 66*d + 588 = 0. Determine w(d).
-9
Suppose 15*o - 8*o = 28. Let m(f) = f**2 + 4*f + 7. Let r(d) = -2*d**2 - 9. Let g(x) = -m(x) - r(x). Give g(o).
2
Let i(f) = -11 - 1 + 1256*f - 1241*f. Let y(h) = 7*h - 5. Let u(t) = 2*i(t) - 5*y(t). Determine u(3).
-14
Suppose m = 1 - 2. Let j(q) = -q**2 + q + 1. Let z(y) = -75*y**3 + 1 - 46*y - 41*y + 91*y + 76*y**3. Let t(o) = m*z(o) + 2*j(o). What is t(-2)?
5
Let u(t) = t**2 + t - 4. Let h be u(-3). Suppose -f + 18 = 2*f - 4*a, 0 = -h*f + 2*a + 10. Let x(m) = 17*m - 6*m + f - 8*m. Calculate x(-4).
-10
Let w be (-2)/(-3)*(-9)/(-6). Let a(t) = 47195 + 2*t**2 - t**2 + 57*t**3 - 47195 - 70*t**3. Give a(w).
-12
Let i be (-46)/(-8)*(-5 - (-6 + -3)). Let o(t) = 74 - 20 + 3*t - i - 24. What is o(-5)?
-8
Let l(v) = 73*v + 832. Let j be l(-11). Let k(s) = -3*s + 88. Calculate k(j).
1
Suppose 0 = 28*x - 19*x - 22977. Let r(m) = -x*m + 4*m**2 + 6*m**2 + 2552*m. Calculate r(-1).
11
Let v(c) be the first derivative of -c**3/3 - 2*c**2 - 12*c + 994. What is v(-5)?
-17
Let o(p) = 3*p**3 + 2*p**2 + p + 16. Let d(s) = -145*s**3 + 146*s**3 + 3*s**2 + 6 - 2*s**2. Let r(a) = 8*d(a) - 3*o(a). What is r(2)?
-6
Suppose y = 4*f + 269, -2*f + 0*y = -5*y + 139. Let r = -64 - f. Let q(k) = -3 + 8*k**2 + r*k**3 - 2*k**3 + 12*k + 0*k**3 - 6*k. Give q(-7).
4
Suppose 2*n + n + 10 = 5*z, 0 = -4*n - 3*z + 35. Let g be n/(-2)*(-72)/20*1. Let l(r) be the first derivative of r**3/3 - 9*r**2/2 + 9*r - 3. Give l(g).
9
Let p be (-25)/(-5) + (-3 - -3). Let q(b) = -2 + 294*b**2 - 2*b - 293*b**2 - p*b. Determine q(7).
-2
Let a(f) be the first derivative of f**2/2 - 24*f + 6135. What is a(7)?
-17
Let q(b) be the second derivative of b**5/20 + 7*b**4/12 + b**3/6 - 5*b**2/2 - b - 2712. Calculate q(-6).
25
Let c(x) be the second derivative of 3*x**4/2 - 4*x**3/3 - 4*x**2 + 5*x + 29. What is c(-1)?
18
Let c(p) = -2*p**2 - 2*p + 3. Suppose -14*x + 15*x = -z + 278, 0 = -3*z + 2*x + 859. Let u = z - 281. Determine c(u).
-9
Let u(w) be the first derivative of -w**3/3 + 5*w**2 - 32*w - 4419. Calculate u(8).
-16
Let o(x) = 3*x**2 - 2*x + 6. Let g = 6593 + -6590. What is o(g)?
27
Let v = -1993 - -1981. Let s(t) = t**2 + 6*t - 77. Calculate s(v).
-5
Suppose 0 = -3*f - 4*k + 43, 0 = 4*f - 6*k + 9*k - 48. Let i be 30/(-6) + f + 2. Let p(c) be the first derivative of c**3/3 - 7*c**2/2 + 1. Calculate p(i).
-6
Let u(l) = 48. Let o(w) = w. Let f(p) = -2*o(p) + u(p). Let g be f(23). Let k(z) = 8*z. Determine k(g).
16
Let z(b) = 4*b - 6*b**2 - b**3 - 2*b - 3*b - 6. Let f(m) = -56*m - 8. Let p be f(-3). Let l = p - 166. Determine z(l).
0
Let y(v) = v**3 + 7*v**2 - 8*v + 11. Let k(h) = -2*h**3 - 11*h**2 + 12*h + 16. Let w be k(-6). Let a be (64/80)/(2/w). Determine y(a).
11
Let a(o) be the second derivative of -o**5/20 - o**4/2 + o**3/6 + 3*o**2/2 + 92*o. Suppose 4*p + 14 = r, -3*p + 5 = -r + 14. Give a(r).
-3
Let b(o) = -6*o - 4*o - 3*o - 1 + 5*o. Let m(q) = q + 1. Let h(i) = b(i) + 5*m(i). Let p be (-9 - (-14 - -5)) + 5. Determine h(p).
-11
Let p(h) = -h**3 - 7*h**2 + 9*h + 9 - 14*h - 22 + 6*h. Determine p(-8).
43
Let k = 235 + -116. Let o = k - 110. Suppose -2*b + 25 = -5*g, 2*g + 3*b - o = -0*g. Let h(j) = j**3 + 5*j**2 + 2*j - 1. Calculate h(g).
11
Let o(d) = d**2 + 9*d + 11. Let f be o(-8). Suppose 0 = g + s - f*s + 18, -3*g - s - 75 = 0. Let x = g + 28. Let j(t) = t**3 - 4*t**2 - 2*t + 4. What is j(x)?
-4
Suppose 12*p - 17*p = -530. Let l = p - 110. Let j(n) = n**3 + 6*n**2 + 3*n + 1. Determine j(l).
21
Let j = -10 + 10. Let p(q) be the second derivative of -q**3/6 + 4*q**2 + 3378*q. Calculate p(j).
8
Let g(a) = 4*a**2 - 2*a - 42. Let v(p) = p**2 + 31 + 30 + 2*p - 93 + 29. Let u(w) = g(w) - 5*v(w). Give u(-5).
8
Let h(r) = 5 + 6 + 0 - 3 - r. Suppose -2*b + 64 = 5*t, t - 2*t = -3*b + 62. Suppose 2*a = -a + u + 15, -4*a = -2*u - b. Give h(a).
4
Let z be 160/(-36)*36/8. Let o(u) = u**2 + 21*u + 15. Determine o(z).
-5
Let q(a) be the first derivative of a**4/4 + 3*a**3 - 7*a**2 - 45*a - 1908. Determine q(-10).
-5
Let m(j) = -4*j**3 + 12*j**2 + 2*j + 34. Let n(a) = -3*a**3 + 12*a**2 + 4*a + 31. Let b(y) = 4*m(y) - 5*n(y). Calculate b(-11).
-8
Suppose 164*n + 255 = 113*n. Let r(p) = -7*p - 6. Give r(n).
29
Suppose -2*b + 6*b + 20 = v, -5*v = -5*b - 40. Let x = -231 + 250. Let a(d) = -x*d + 30*d + 6 - 9*d. Calculate a(b).
-2
Suppose 23*o - 26*o = -12. Let c be (4 - (0 + -2)) + o. Suppose 0 = 4*j + 3*v - 0*v + 35, -3*j = -5*v - c. Let z(s) = s**3 + 6*s**2 + 5*s - 6. Give z(j).
-6
Let y(o) = 6*o**3 - o**2 + o - 1. Suppose -210 = 41*p - 6*p. Let h be 8/p*15/(-20). Give y(h).
5
Let t be (6/7)/(5/35). Let i(w) = -t*w + 0*w + 11*w + 17*w**2 - 18*w**2. What is i(5)?
0
Let o(g) = -g - 22. Let u(t) = -t**2 - 83*t - 741. Let k be u(-73). Determine o(k).
-11